 prime factors of 218507132.
2, 5209, 10487
What are the prime factors of 494111900?
2, 5, 181, 27299
What are the prime factors of 457487809?
107, 1033, 4139
What are the prime factors of 112096116?
2, 3, 11, 157, 601
What are the prime factors of 56523290?
2, 5, 19, 521, 571
List the prime factors of 1450890600.
2, 3, 5, 23, 105137
List the prime factors of 157119568.
2, 1217, 8069
List the prime factors of 44380737.
3, 41, 47, 853
List the prime factors of 171727581.
3, 83, 439, 1571
List the prime factors of 3173203834.
2, 31, 43, 1190249
What are the prime factors of 134355884?
2, 13, 2583767
What are the prime factors of 68963000?
2, 5, 68963
List the prime factors of 1351242686.
2, 23, 55529
List the prime factors of 31965098.
2, 11, 61, 23819
List the prime factors of 155441571.
3, 51813857
List the prime factors of 86226955.
5, 17245391
What are the prime factors of 4154206331?
11, 229, 1649149
List the prime factors of 5710646289.
3, 19, 100186777
What are the prime factors of 131935082?
2, 65967541
What are the prime factors of 148856458?
2, 74428229
What are the prime factors of 158924502?
2, 3, 11, 802649
What are the prime factors of 295689905?
5, 7, 677, 12479
What are the prime factors of 1794362218?
2, 11, 81561919
List the prime factors of 579621570.
2, 3, 5, 11, 31, 56659
What are the prime factors of 1820900231?
43, 83, 510199
What are the prime factors of 490105039?
490105039
List the prime factors of 1000763468.
2, 79, 3166973
What are the prime factors of 1189922247?
3, 271, 487873
What are the prime factors of 278468604?
2, 3, 283, 3037
List the prime factors of 4474582543.
4474582543
List the prime factors of 72085454.
2, 7, 127, 40543
List the prime factors of 84831248.
2, 5301953
What are the prime factors of 3854210632?
2, 163, 2955683
What are the prime factors of 53748223?
29, 1853387
List the prime factors of 209130995.
5, 5849, 7151
What are the prime factors of 219921780?
2, 3, 5, 13, 43, 79, 83
What are the prime factors of 3465826575?
3, 5, 19, 2432159
List the prime factors of 195080933.
17, 11475349
List the prime factors of 581127529.
20023, 29023
What are the prime factors of 922805429?
7, 13, 163, 62213
List the prime factors of 58076786.
2, 29038393
What are the prime factors of 84690476?
2, 13, 139, 11717
What are the prime factors of 408106932?
2, 3, 34008911
What are the prime factors of 107085966?
2, 3, 13, 31, 67, 661
What are the prime factors of 4747539306?
2, 3, 17, 46544503
What are the prime factors of 994458878?
2, 7, 71032777
List the prime factors of 2284532315.
5, 13, 193, 182107
What are the prime factors of 47319331?
47319331
List the prime factors of 3319946710.
2, 5, 41, 8097431
What are the prime factors of 8089827?
3, 2696609
What are the prime factors of 1434353469?
3, 53, 1439, 6269
List the prime factors of 17559699.
3, 5853233
What are the prime factors of 1363427737?
7, 2243, 86837
List the prime factors of 2605124747.
2605124747
List the prime factors of 4782675557.
11, 4547, 95621
What are the prime factors of 3230585?
5, 97, 6661
What are the prime factors of 1817630?
2, 5, 181763
List the prime factors of 51664057.
51664057
List the prime factors of 15456943.
23, 672041
List the prime factors of 948518127.
3, 73, 151, 3187
What are the prime factors of 4253117972?
2, 1063279493
What are the prime factors of 115242729?
3, 7, 881, 6229
List the prime factors of 432213054.
2, 3, 7, 13, 791599
List the prime factors of 2918572.
2, 729643
List the prime factors of 57407917.
7, 619, 13249
List the prime factors of 1782837598.
2, 4001, 222799
What are the prime factors of 670421180?
2, 5, 11, 13, 17, 13789
List the prime factors of 30246314.
2, 7, 953, 2267
What are the prime factors of 79027313?
79027313
List the prime factors of 5115121802.
2, 7, 7489, 48787
What are the prime factors of 4090110952?
2, 107, 4778167
What are the prime factors of 84480993?
3, 53, 177109
List the prime factors of 214482972.
2, 3, 11, 41, 39631
List the prime factors of 2957040819.
3, 53, 61, 101627
What are the prime factors of 2922188126?
2, 11, 13, 281, 2797
List the prime factors of 648927358.
2, 109, 2976731
What are the prime factors of 7491571040?
2, 5, 23, 61, 1451
What are the prime factors of 44668373?
19, 1153, 2039
List the prime factors of 827472701.
11, 41, 1834751
List the prime factors of 4209012241.
7, 107, 802787
List the prime factors of 13907740.
2, 5, 7, 11, 821
What are the prime factors of 68197584?
2, 3, 7, 13, 1201
List the prime factors of 45070707.
3, 11, 389, 3511
List the prime factors of 9405050.
2, 5, 137, 1373
List the prime factors of 620659043.
20611, 30113
List the prime factors of 85649245.
5, 11, 19, 7451
What are the prime factors of 74036882?
2, 19, 163, 11953
What are the prime factors of 1831622?
2, 13, 5419
List the prime factors of 1454812274.
2, 727406137
List the prime factors of 503419894.
2, 41, 1069, 5743
What are the prime factors of 181971840?
2, 3, 5, 94777
List the prime factors of 296767715.
5, 59353543
What are the prime factors of 42732603?
3, 527563
What are the prime factors of 668289920?
2, 5, 29, 36007
List the prime factors of 137255384.
2, 7, 2450989
List the prime factors of 893177066.
2, 103, 499, 8689
List the prime factors of 2193481.
2193481
What are the prime factors of 47625546?
2, 3, 7937591
What are the prime factors of 97131448?
2, 79, 153689
List the prime factors of 646032963.
3, 17, 31, 408623
What are the prime factors of 57784074?
2, 3, 2011, 4789
What are the prime factors of 1867037035?
5, 997, 374531
What are the prime factors of 894767098?
2, 9157, 48857
What are the prime factors of 96478737?
3, 29, 359, 3089
What are the prime factors of 399191658?
2, 3, 66531943
List the prime factors of 1110694851.
3, 7, 17630077
List the prime factors of 97491738.
2, 3, 16248623
List the prime factors of 108248707.
7, 17, 73, 733
List the prime factors of 84207151.
7, 12029593
List the prime factors of 30045193.
389, 77237
List the prime factors of 5721698373.
3, 173, 11024467
What are the prime factors of 51918716?
2, 19, 43, 15887
List the prime factors of 2324139731.
181, 12840551
List the prime factors of 8192069031.
3, 29, 1373, 68581
List the prime factors of 346782407.
887, 390961
List the prime factors of 305015666.
2, 17, 8971049
List the prime factors of 53914358.
2, 47, 573557
List the prime factors of 297402768.
2, 3, 13, 79, 2011
What are the prime factors of 201237283?
13, 239, 271
What are the prime factors of 942000000?
2, 3, 5, 157
What are the prime factors of 37717431?
3, 12572477
List the prime factors of 244322224.
2, 15270139
What are the prime factors of 565836178?
2, 282918089
What are the prime factors of 1235807476?
2, 2659, 116191
What are the prime factors of 2438903445?
3, 5, 11, 14781233
List the prime factors of 303918147.
3, 13, 2597591
What are the prime factors of 655861768?
2, 17, 4822513
What are the prime factors of 2031234530?
2, 5, 13, 29, 538789
What are the prime factors of 63906708?
2, 3, 5325559
What are the prime factors of 2047985158?
2, 1023992579
What are the prime factors of 248172184?
2, 13, 2386271
What are the prime factors of 235529792?
2, 3680153
List the prime factors of 1172570070.
2, 3, 5, 7, 17, 41, 8011
List the prime factors of 3433475182.
2, 1451, 1183141
List the prime factors of 45344842.
2, 127, 167, 1069
List the prime factors of 790190945.
5, 158038189
List the prime factors of 1604995698.
2, 3, 267499283
List the prime factors of 1042390494.
2, 3, 457, 126719
What are the prime factors of 1386705922?
2, 7, 99050423
What are the prime factors of 59511687?
3, 19837229
What are the prime factors of 5590501385?
5, 7, 19, 347, 3461
List the prime factors of 2007140385.
3, 5, 127, 1053617
What are the prime factors of 865363919?
7, 599, 206383
List the prime factors of 2270577392.
2, 17, 31, 269281
What are the prime factors of 613755110?
2, 5, 5651, 10861
What are the prime factors of 75844663?
75844663
List the prime factors of 10815643.
71, 347, 439
What are the prime factors of 187146107?
187146107
List the prime factors of 3087676.
2, 17, 2671
What are the prime factors of 1007516338?
2, 5683, 88643
List the prime factors of 5544727072.
2, 17, 10192513
List the pri